 Give c(1).
-2
Let q(n) = 2*n**2 - 3*n - 4. Let r be q(3). Let c(u) = -47 + 24 + 29 - u. Calculate c(r).
1
Let t(k) = -11*k + 1. Let u(s) = -s. Let z(w) = -t(w) + 4*u(w). Suppose 0 = 5*q + 20, -6*q + 2*q - 12 = 2*v. Let d be (4 + -2)/(4/v). Give z(d).
6
Let q(b) = 2*b - 1 + 2 - 3. Let p = -29 - -26. What is q(p)?
-8
Let y be (0 - 2)/(-2) - -1. Let k be (16/6)/((-1)/(-3)). Let x(o) = o**3 - y*o - k*o**3 - 2 + 1. What is x(-1)?
8
Let o be (9/(-4))/((-3)/12). Let r(u) = -o*u + 2*u - u. Determine r(-1).
8
Let i(k) = -k - 10. Let d be i(-14). Let z(b) = -b**3 + 5*b**2 - 3*b + 4. Calculate z(d).
8
Let n = 0 + -1. Let j(s) = -s - 1. Let m(o) = o**2 - 2*o - 2. Let v(p) = -3*j(p) + 2*m(p). Let x(g) be the first derivative of v(g). What is x(n)?
-5
Let j(h) = -5*h + 4. Let z(y) = y. Let u(c) = -j(c) - 3*z(c). Let m(x) = 3*x - 5. Let s(b) = 3*m(b) - 4*u(b). What is s(4)?
5
Let p(g) = g**3 - 9*g**2 + 8*g. Let a(c) = c**3 - 10*c**2 + 9*c - 1. Let t(l) = 3*a(l) - 4*p(l). Let s be -2 - 18/(-4 - -1). What is t(s)?
9
Let u(b) = 2*b**2 - 5*b - 2. Let v(t) = -t**2 - 4*t**2 - 4*t + 15*t + 5. Let f(g) = -9*u(g) - 4*v(g). Suppose 2*k - 4 = 4*k. What is f(k)?
4
Let z(b) = b**2 + 18 - 4 + 3. Determine z(0).
17
Let o(a) = 3*a**2 - 3*a + 2. Let p = -6 - -11. Suppose -11 = -4*y + 1, 4*y - 42 = -p*z. Let v = 8 - z. Give o(v).
8
Let c(d) be the first derivative of -d**4/4 + 8*d**3/3 + 7*d**2/2 - 2*d + 50. Determine c(9).
-20
Let c(w) be the second derivative of 5*w + 3/20*w**5 - 1/6*w**4 + 0*w**2 + 0 + 1/6*w**3. Give c(1).
2
Suppose -2*q + 9 + 1 = 4*a, 4*q + a = -8. Let f(y) = 5*y - y**2 + 4 - 7*y - 1. Determine f(q).
0
Suppose 2*f + 3 = -9. Let b = 9 + f. Let h(g) = -2*g**3 - g**3 + 8*g**3 - 2*g**2 + 3*g**b + 1. What is h(1)?
7
Let x(u) = -u**3 - 6*u**2 - 5*u + 4. Let f(p) = p - 12. Let j be f(8). What is x(j)?
-8
Suppose 0 = 3*z - 26 - 97. Let x(n) = 5 - 5 + z*n**2 - 43*n**2. What is x(1)?
-2
Let v be 16/20*10/4. Let t(p) = -v + 8*p + 18*p - p**3 - 24*p + p**2. Give t(2).
-2
Let u(b) = 2*b**3 + 0*b**2 + 2*b**2 + 2*b - 5*b**2 - 2 + 2*b**2. What is u(2)?
14
Suppose 2 - 4 = -r. Let f be -3 - (r + 1 + -2). Let v(k) = -k**2 - 4*k - 5. What is v(f)?
-5
Let q(o) = -2*o**2 + 5 + 2*o**2 - 4 - o**2 - 5*o. What is q(-4)?
5
Let y(i) = i**2 + 0*i**2 + 0*i**2 - 1 - 3*i. Let x be (-182)/49 - 2/7. Let n = x + 7. Determine y(n).
-1
Let t be (-5)/((-3)/9*1). Suppose -2*j - 3*p - t = 0, 0 = j + p - 6*p - 25. Let u(h) = 2 + j*h - 1 - 3*h + 2*h - 10*h**2. What is u(1)?
-10
Let s(x) be the second derivative of -x**3/6 + 9*x**2/2 + 24*x. Suppose -4 + 29 = 5*m. Suppose m + 10 = 3*v. Give s(v).
4
Let o = -4 - -4. Let m(z) = -14*z**3 + 20*z**2 + 20*z - 14. Let j(t) = -5 - 3*t**3 + 7*t**2 - 2*t**3 + 3*t + 4*t. Let a(g) = -17*j(g) + 6*m(g). Give a(o).
1
Let d(u) = -u - 9. Let r(f) = f + 9. Let q(a) = 5*d(a) + 4*r(a). Let c = -3 - -13. Let y be (-56)/c + 10/(-25). Determine q(y).
-3
Suppose -3*w + 3*h - 27 = 0, -w + 0*w = -2*h + 11. Let v(b) = -2*b - 8. Calculate v(w).
6
Let t = 60 + -39. Let k(y) = -21 + y**2 + t + 4*y. Determine k(-4).
0
Suppose -6*m - 18 = -3*m. Let w = 0 - m. Let l(j) = -j**3 - 8 - j**2 + 0*j**2 + 8*j + 6*j**2. Give l(w).
4
Let n(b) = b**2 - 10*b + 4. Let v = -40 - -44. Give n(v).
-20
Let j be (-1)/((-2)/(-4)) - -3. Let y(u) = -4*u**3 - 2*u**2 + 1. Determine y(j).
-5
Let a(l) = l + 1. Let h be (12*2)/(-1)*-1. Suppose 4*x + h = -0*x. Let v = 5 + x. Determine a(v).
0
Let w be 0 + (4/2 - 1). Let t(z) = -1 + 38*z + 38*z - 22*z**2 + 8*z**2 - 75*z. Calculate t(w).
-14
Let d(a) = a**3 + 4*a**2 + a. Let s(t) = t - 2. Let g be s(3). Let j be 4/((-4)/3) + 2. Let c be j*g/(-2)*-6. Determine d(c).
6
Let l(u) = u - 1. Let r be ((-40)/(-30))/(2/(-6)). Let n = r + 8. What is l(n)?
3
Let g(d) = -d. Let b(k) = -k - 6. Let i be b(0). Let m = i - -1. Give g(m).
5
Let m = -14 - -10. Let q(s) = -13*s**2 - 10*s + 15. Let t(y) = 7*y**2 + 5*y - 8. Let g(a) = 6*q(a) + 11*t(a). What is g(m)?
6
Let t be 3/9 + 22/6. Let s be (24/(-3))/t - -6. Let h(w) = -w**2 + 6*w - 2. Give h(s).
6
Suppose -4*a + 5 + 7 = -5*m, 5*m = 3*a - 14. Let t be ((-32)/4)/(a + 0). Let i(x) = -1 + 64*x**3 - 65*x**3 - 7*x + 6*x**2 + 5. Give i(t).
8
Let q(x) = 2*x + 1. Let d be (-4)/(-14) - 216/(-28). Suppose 2*t + d = 0, -5*z + 5*t + 57 = 12. Let l be (-20)/z + (1 - 0). What is q(l)?
-5
Let s be 3/((-42)/4) + (-14)/(-49). Let m(k) be the first derivative of 3/2*k**2 + s*k + 4 + 2/3*k**3. Give m(-2).
2
Let v(c) = -c**2 - 1. Let p(z) = -z**3 - 9*z**2 + z + 8. Let a be p(-9). Let m be 12/30*5/a. Calculate v(m).
-5
Let c(l) = -l - 6. Let g(a) = a - 13. Let x be g(7). Give c(x).
0
Let w(q) = -2*q. Let v(m) = 2*m + 3. Let k be v(6). Suppose -12 = 2*t + 3*p, 5*t = -4*p - 1 - k. Let z = 1 - t. Determine w(z).
-2
Let t be (1 - 7)*15/(-6). Suppose 1 + t = b + 4*d, 4*d = 12. Let o(z) be the third derivative of -z**6/120 + z**5/20 + z**4/6 + z**3/6 - z**2. Determine o(b).
1
Let a(t) = -8*t**3 + t**2 - 1. Let x(b) = -b**3 + 2*b**2 + 3*b - 1. Let z be x(3). Give a(z).
8
Let u be (-4)/(-12) - 24/(-9). Let z(p) = 3*p - u - 5*p + 9. What is z(4)?
-2
Let b(h) be the second derivative of 2*h**3/3 + h**2/2 + h. Determine b(-1).
-3
Suppose 0 = -2*j + 3*l - 6*l - 3, -4*j + 14 = 2*l. Let a(t) = -3 + 11*t - j*t + 2 + t**2. Determine a(-5).
-1
Let r(x) = -x**3 + 6*x**2 + 5*x + 10. Let w be r(7). Let f(p) = -p**3 - 5*p**2 - 5*p - 2. Determine f(w).
2
Let p = 6 + -5. Let h = p - 0. Let x(j) = j - 1. What is x(h)?
0
Let j(r) = -r + 5. Let b = -69 + 73. Determine j(b).
1
Let d(k) be the third derivative of 1/60*k**5 - 7/24*k**4 + 2/3*k**3 + 0*k + 6*k**2 + 0. Calculate d(3).
-8
Let d(c) = -2*c**2 - 3*c. Suppose 4*z - 4*g = 20, 0 = -0*z + z + g - 9. Let a = 8 - z. Let i = -3 + a. Determine d(i).
-2
Let f(c) be the third derivative of -c**6/360 + c**5/120 - c**4/24 + 2*c**3/3 - 8*c**2. Let k(n) be the first derivative of f(n). Determine k(-3).
-13
Let r(y) = 0*y**2 + y**2 - 1 - 2*y**2 + 5*y. Let a = 7 - 7. Let o(q) = -q + 2. Let i be o(a). Determine r(i).
5
Let w(n) = -n**3 + 2*n**2 - 4*n + 3. Let l(b) = b**2. Suppose 4*o - 5 = 3*u + 5, -4*o + 2*u + 8 = 0. Let m(c) = o*w(c) + 2*l(c). What is m(2)?
3
Let n(k) be the third derivative of -k**4/24 - k**3/3 - k**2. Let v(d) = -d**2 - d + 17. Let b be v(-4). Calculate n(b).
-7
Let i(s) = 2*s - 3*s**2 - 8*s**3 - 3*s + 5*s**2. Let l(b) = -b**3 - 4*b**2 + 5*b + 4. Let j be l(-5). Let c = j + -3. Determine i(c).
-7
Let f(j) = -j - 4. Suppose -46 = -3*l - a, 3*a = 2*l - a - 26. Let d be (-1 + l/6)*2. Suppose -5*t = d*k, -2*k - 5*t + 6 = 1. Give f(k).
1
Let a(z) be the first derivative of -z**4/2 + z**3 - 3*z**2/2 + 3*z + 5. Give a(2).
-7
Let v(p) = -p**2 - 5*p + 3. Let q(z) be the second derivative of z**5/20 + 3*z**4/4 - z**3/6 - 13*z**2/2 + 2*z. Let o be q(-9). Determine v(o).
7
Let z be (10/(-15))/((-2)/21). Suppose -2*q - 7 = z. Let h(n) = -n - 2. What is h(q)?
5
Suppose -6*c + 2*c + 20 = 3*w, -5*w + 16 = -2*c. Let u(t) = -t**2 - t. Let x(v) = v**2 + 8*v - 5. Let p(g) = -2*u(g) - x(g). Give p(w).
-3
Let o = 6 - 0. Suppose -2*r - 2*b - 6 = 0, -4*r - 2*b = -0*b + o. Let y(j) = j - 3. Determine y(r).
-3
Let o be 2*10/4 + 0. Suppose -3*g = -g - 10. Let h(j) = g*j**2 - 2*j**3 + 2*j**3 + 4 + 0*j**3 - j**3. Calculate h(o).
4
Let w(r) = -r**3 + r**2 - 4 - 6*r - 2*r**2 - 4*r**2 - 2*r**2. Suppose 24 = -2*f - 2*f. Calculate w(f).
-4
Let w be (-50)/(-4) - 1/(-2). Let i = 9 - w. Let y(g) = -g - 9. What is y(i)?
-5
Let c = 2 - 3. Let o(s) = -4 + 2 - 3*s**2 + 1 - 2*s. What is o(c)?
-2
Let k(u) be the third derivative of -u**4/24 + 5*u**3/3 - 20*u**2. Give k(7).
3
Let h = 1 - 7. Let q(i) = i - 2. Let o(g) = -7*g + 11. Let b(t) = h*o(t) - 34*q(t). Calculate b(-2).
-14
Let w(z) = z - 1. Let u be w(8). Let y(r) = 3 + 0 - 2*r**3 - r + 4*r**3 - r**3 - 7*r**2. Give y(u).
-4
Suppose 4*s - 2*s - 2 = 0. Let f(n) = -12*n**2 - 1. Determine f(s).
-13
Let o(u) = -u**2 - 2*u. Let g(t) = -2*t**2 + 10*t + 8. Let z be g(6). Give o(z).
-8
Suppose -10 = -3*d + 5. Suppose 5*r = 5*s - 10, -5*r + 35 = -2*s + 6*s. Let v(x) = -3*x**2 - 9*x**r + 8*x**2 + 8*x**3 - 4. Calculate v(d).
-4
Let z(g) = -3*g**2 + g. Let n = -4 - 0. Suppose 20 = -4*m - 4*y, 2*m + y = -3*y - 18. Let i be m/(-2) - 2/n. Give z(i).
-2
Suppose -4*w - 2*m - 5 = -3*w, -w - 3*m = 6. Let i(b